 - 8*j**2. Calculate r(q).
1
Let j(d) = -4*d + 317. Let r(s) = 147*s - 11730. Let b(i) = 75*j(i) + 2*r(i). Give b(53).
-3
Let a(m) = m + 3. Let k be (-665)/(-175) + (-4)/5. Suppose 5*f = 5*t + 20, -4*t - 52 = t + k*f. Calculate a(t).
-5
Let f(p) = 2*p - 6. Let h be f(18). Suppose -26*k + 16 = -h*k. Let c(d) = -4*d - 6. Let y(j) = 3*j + 6. Let i(m) = k*c(m) - 5*y(m). Give i(5).
-1
Let c(i) = -i**2 - 8*i - 3. Let m = 4 - 6. Let g(n) = 2*n**2 + 8*n + 4. Let b be g(m). Let t = b - 4. Give c(t).
-3
Let r(x) = x - 2. Let c(f) = f**3 - 2*f**2 + 2*f - 1. Let k be c(3). Let o(i) = 3 + 13*i**2 + 17*i - i**3 - 22 - 2*i. Let q be o(k). Determine r(q).
-7
Let a(g) = g**2 - 8*g - 12. Let l be -6*(-1)/(-15)*1*-25. Determine a(l).
8
Suppose 60 = d + 3*d. Let v be 9/2 + d/6 + -2. Let q(s) = -v*s + 5 - 7*s - 2 + 15*s. Give q(-5).
-12
Let y(t) = 140351*t**2 - 70172*t**2 - 4 - t**3 - 70177*t**2. Give y(-5).
171
Suppose -64 = 17*v + 18 + 54. Let r(w) = -34*w - 264. Calculate r(v).
8
Suppose -2*u + 26 = -2*y, u - 3*u + 6 = 2*y. Let f be (-3)/(-1) + (-1 - 0). Let b(i) = 5*i**2 - u*i**2 - 1 + i**3 - f - i. Determine b(3).
-6
Suppose -44 = z + 2*i - 17, -5*i - 11 = 44. Let v(q) = 0*q**3 - 3*q**2 + 4*q**3 + 4*q - 5*q**3 - 2. What is v(z)?
28
Let g(l) = -4*l - 9. Let j(u) = -3*u - 9. Let o(n) = 4*g(n) - 5*j(n). Let b(d) = -2*d + 8 + 9*d - 7*d - d. Let z(m) = 4*b(m) - 3*o(m). Calculate z(5).
0
Suppose 6979 - 7081 = 51*t. Let j(p) = -24*p - 9. Let s(d) = -d - 1. Let v(q) = -j(q) + 6*s(q). Calculate v(t).
-33
Let n(x) = -68*x**3 + 29*x**2 + x - 19. Let z(m) = 25*m**3 - 10*m**2 + 7. Let c(p) = -4*n(p) - 11*z(p). Give c(-3).
38
Suppose -3*o - 5*s + 37 = 0, 17 = -2*o + 5*s - 0. Let z(y) = -o - 5*y + 0*y - 3. Suppose -81*g + 86*g - 27 = 2*m, 3*m + 15 = -g. What is z(m)?
23
Suppose 0 = -36*p + 58*p - 66. Let m(y) = -10*y**3 - y**2 - y - 1. Let s be m(-1). Suppose -p*a = 9 + s. Let j(g) = 3*g + 8. What is j(a)?
-10
Let m(y) be the third derivative of -y**6/40 - 4*y**5/15 + 17*y**4/24 + 25*y**3/6 + 6*y**2 - 14. Give m(-6).
-5
Let y(o) be the first derivative of -o**4/4 - 2*o**3 - 5*o**2/2 - 8*o - 150. Let s be y(-5). Let b(l) = l**2 + 11*l - 2. Determine b(s).
-26
Let b(i) = i**3 - 24*i**2 - 47*i - 8. Let j(v) = 2*v**3 - 49*v**2 - 78*v - 18. Let w(u) = -13*b(u) + 6*j(u). What is w(-6)?
2
Let a(f) = -f**3 - 7*f**2 + 11*f + 9. Let d be 1 - (8/(-16) + -4)/((-4)/8). What is a(d)?
-15
Let q(k) be the third derivative of -k**5/60 + k**4/6 + 7*k**3/6 - 50*k**2. Let g(t) = 7 - 18 + 0*t - 19 - 2*t. Let u be g(-18). Give q(u).
-5
Let q be 5 + 1 - (14 + -10). Let v(t) = -14*t**q - 10*t - 21 - t**3 - 8*t + 32*t. What is v(-15)?
-6
Let i(v) be the third derivative of v**6/120 - v**5/12 - 5*v**4/24 + 11*v**3/6 + v**2. Let t be i(6). Let z(m) = -t*m - 6 - m**2 - 6*m + 13*m. Calculate z(-9).
3
Let h be ((-405 + 1)/(-4))/1. Let u = -93 + h. Suppose -u*w = -3*w - 0*w. Let c(f) = f**3 - f**2 - f + 9. Give c(w).
9
Suppose 560 = -12*j + 4*j. Let d = j - -63. Let h(s) = -2*s + 9. Calculate h(d).
23
Let l = -293 + 297. Let g(u) = 2*u**2 - u**2 - 43*u + 44*u - l. Calculate g(-4).
8
Let n(d) = d**3 + 10*d**2 - 14*d + 11. Let s = -3808 + 3797. Determine n(s).
44
Let o(j) = -j**3 - 6*j**2 + j - 5. Let g(y) = y**3 + 11*y**2 + 30*y + 2. Let d(x) = -2*x**2 - 74*x - 4. Let v be d(-37). Let a be g(v). Determine o(a).
-11
Let b(u) = 8*u - 3. Suppose -95 = -0*q - q. Let o be 29/((-348)/216) - -8. Let l be o/2*(-38)/q. Determine b(l).
13
Let w(t) = t**2 + 8*t - 8. Let c(h) = -h**3 + 5*h**2 + 6*h - 4. Suppose l + 18 = 4*l + 3*x, 5*x = -l + 10. Let y be c(l). Suppose 3*m = -y + 2. Calculate w(m).
-8
Suppose -17*k + 11 = 45. Let t(m) = m - 3*m + 4*m - 4*m - 3*m**2 - 5*m**3 - 3. Determine t(k).
29
Let f(o) = -7*o + 34. Let k(n) = 13*n - 63. Suppose 0 = 4*w + 12, 15 + 3 = -3*c + 5*w. Let v(t) = c*f(t) - 6*k(t). What is v(12)?
-8
Let s(l) be the second derivative of l**8/2240 - l**7/2520 - l**6/180 + l**5/40 + 13*l**4/12 + 67*l. Let j(o) be the third derivative of s(o). What is j(2)?
15
Let u = -14 - -17. Suppose -4*g + 4 = -u*g, -4*l - 36 = -3*g. Let x(c) be the second derivative of -c**4/12 - c**3 + c**2 + 44*c. Determine x(l).
2
Let b = -293 + 298. Suppose -4*d = 4*w - 4, -8*d = -5*w - b*d - 11. Let y(f) = -f**2 + 1. Let p(t) = -26*t**2 + 7. Let x(v) = p(v) - 6*y(v). Determine x(w).
-19
Let r(y) = 4*y**3 + 6*y**2 + 2*y - 3. Let p = 176 - 174. Let o(c) = -3*c**3 - 6*c**2 - c + 4. Let t(w) = p*r(w) + 3*o(w). Calculate t(-5).
-24
Let g(j) be the first derivative of j**4/4 - 7*j**3/3 - 9*j**2/2 + 3*j + 9. Let p be g(8). Let k(w) = 128 - 67 - 60 - 2*w. Determine k(p).
11
Let n be ((-2)/3)/((-1)/((-18)/(-12))). Suppose n + 65 = 22*g. Let j(k) = 3*k + 1. Determine j(g).
10
Let x(l) be the third derivative of -l**5/30 + l**4 + l**3/3 + 2*l**2 - 135. Give x(12).
2
Let k(l) = -5*l - 1. Let r(n) = -n. Let z(y) = k(y) - 6*r(y). Let j = -385 + 487. Let a = j + -103. Determine z(a).
-2
Let d(r) = -r**3 - 12*r**2 + 15*r + 19. Suppose 252*n + 44 = 256*n. Suppose -3*t - 11*j - 59 = -7*j, n = -2*t + 3*j. What is d(t)?
-7
Let k(w) = 208*w - 1044. Suppose -36*f + 61*f - 470 = -69*f. What is k(f)?
-4
Suppose 4*s = 3*v - 16, -4*s + 5*v - 18 = -2. Let h(f) = -13*f**2 - 7*f + 2. Let t(y) = 18*y**2 + 9*y - 3. Let l(d) = -7*h(d) - 5*t(d). Determine l(s).
1
Let c(r) = -14 - 14*r + 3*r + 26*r. Determine c(2).
16
Let q(o) = 8*o**3 - 4*o**2 + o + 13. Let z(u) = u - 7. Let w(c) = -q(c) - 2*z(c). Determine w(2).
-53
Let d be (-228)/(-18)*(-3)/(-1). Suppose -3*r - 26 = -d. Let t(g) be the first derivative of g**4/4 - 2*g**3 + 3*g**2 - 6*g - 61. Determine t(r).
-14
Let v(j) = -8*j - 20. Let n be v(-4). Let i be (33/9 + -1)/(8/n). Let d(c) = -c + 10 - 2 - 5*c**2 + i + 4*c**2. What is d(0)?
12
Let t(m) = -22 + 3 - 59 + 6*m - 45 - 8. Determine t(24).
13
Suppose 5 = b - 4. Let x(c) = -3*c + 67. Let d be x(20). Let w(u) = -d - 8 - 7*u + 3 + 4 - 4 + u**2. What is w(b)?
6
Suppose 18 = 23*c - 51. Let k(t) = 549*t**3 + 4*t - 4 - 550*t**c - 8*t + t + 5*t**2. Determine k(3).
5
Suppose 3*z - 24 - 27 = -p, 4*z - 68 = 2*p. Suppose 13 - z = -2*s. Let r(t) = -t + 1. Calculate r(s).
-1
Let c(f) = -648*f**2 - 17 - f**3 + 1951*f**2 - 649*f**2 - 655*f**2 - 10*f. Determine c(-2).
7
Let q(d) = -3*d - 2. Let p(k) = -32*k + 24. Let t be p(-7). Suppose -7*o = -t + 185. Calculate q(o).
-29
Let h be (-22)/(-8) + (-3)/4. Let f(r) be the third derivative of r**6/120 - r**5/60 + r**4/24 - 1474*r**2 - r - 2. Determine f(h).
6
Let a(y) = y - 2. Let d = 127 + -124. Let v(t) = 2*t - 2. Let x(h) = d*v(h) - 2*a(h). Determine x(1).
2
Let p(x) = -7*x**2 - 169*x + 154. Let k be p(-25). Let u(o) = o**3 - 6*o**2 + 6*o + 3. What is u(k)?
-5
Let d(r) be the third derivative of 3*r**4/8 - 29*r**3/6 - 166*r**2. Let m be d(5). Let y(t) = t**3 - 17*t**2 + 17*t - 18. Give y(m).
-2
Let t be 4/(-10) + 102/30. Suppose 1 + 5 = -t*g. Let l(r) be the third derivative of r**4/8 + r**3/2 - 4*r**2 - 22*r. Calculate l(g).
-3
Let c(p) = -p - 5. Let o be c(-4). Suppose -k + 1 - 5 = -3*n, -4*n = 0. Let i(q) = -29*q + 7. Let v(a) = -31*a + 9. Let w(l) = k*v(l) + 5*i(l). Determine w(o).
20
Let h(s) be the second derivative of 7/12*s**4 - 2*s + 1/20*s**5 + 0 + 4*s**2 - s**3. Let i be 48/(-20)*(-130)/(-39). What is h(i)?
-8
Suppose -7160*g + 7134*g - 650 = 0. Let j(t) = -13*t - 308. Determine j(g).
17
Let v(o) be the second derivative of 1/6*o**3 - 5*o - 1/20*o**5 + 1 - 5/12*o**4 + 2*o**2. Determine v(-5).
-1
Let l(f) = 3 + f**3 + 0 + 0*f**2 - 8*f**2 + 5*f - 4*f. Let z(p) = p**2 + 12*p + 4. Let r be z(-12). Suppose -q + 2*q + r*n + 12 = 0, 3*n = -15. Give l(q).
11
Suppose 94*m = 76*m - 144. Let b(p) = -p**2 - 8*p + 4. What is b(m)?
4
Let o(n) = -n**2 - 6*n - 3. Suppose g + 8 = 9. Let f be (-5*-6*(-1)/(-10))/g. Suppose 0 = 5*y - f*i + 24, -5 = 4*i + 3. Determine o(y).
-3
Let d(y) = -71*y + 3925*y**2 + 146*y - 3922*y**2 + 3 - 75*y. Calculate d(-4).
51
Let q(z) = z**2 - 14*z - 5. Let d(l) = -27*l + 658. Let p be d(24). Calculate q(p).
-45
Suppose 15 = -5*a, 70 = 507*x - 503*x - 10*a. Let m(c) = -9*c + 60. What is m(x)?
-30
Let n(m) = 4*m**2 + 4*m + 3. Suppose 0 = 8*s - 16. Let x be (3/s)/(63/(-84)). Determine n(x).
11
Let a(i) = i**2 + 17*i + 43. Let h be a(-14). Suppose -z = -0*z - 4*n + h, 36 = 4*z + 4*n. Let 